ose 0 = 4*f + 4*r - 24, 3*f + 2*r - 4*r - 13 = 0. Suppose -3*k - 15 = -8*k. Suppose f - k = d. What are the prime factors of d?
2
Let l(n) = -n**2 - 13*n - 16. Let t be l(-11). Suppose 15 = -5*w + t*w. List the prime factors of w.
3, 5
Let x = -5 - 10. Let m be 222/x*(-4 + 9). What are the prime factors of m*((-3)/(-6))/(-1)?
37
Suppose -69 = 39*f + 9. Let a(y) = 6*y**2 + 5*y + 2. Let n be a(6). What are the prime factors of f/4 - n/(-16)?
3, 5
Let y(p) = 2*p**2 - 26*p - 105. What are the prime factors of y(-18)?
3, 337
Suppose 0 = -8*h + 850 + 10574. What are the prime factors of h?
2, 3, 7, 17
Let u be 4 + -1 + (4 - 5). Suppose -2*x + 4 = -3*f, 0 = -0*x - x + 3*f + 5. List the prime factors of (u + x)/((-6)/(-66)).
11
Let j be (-5 + 3 - 0)*1086/(-12). Let y = -37 + j. What are the prime factors of y?
2, 3
Let i(z) = -105*z**3 - 3*z**2 - z. What are the prime factors of i(-2)?
2, 5, 83
Let d(r) = -3*r**3 - 5*r**2 - r + 2. Suppose -4*f = -6*f + 5*m + 11, -4 = 4*m. Suppose 2*a = -f*a - 15. List the prime factors of d(a).
41
Let s(l) = l**3 - 3*l**2 - 5*l + 8. Let y be s(4). Suppose -y*r = 1 - 49. List the prime factors of r.
2, 3
Let q = 1478 + -925. List the prime factors of q.
7, 79
Let w(q) = 6*q + 6. Let p be w(-1). Suppose t = 4*v - 359, t + p*t = 2*v - 179. What are the prime factors of v?
2, 3, 5
What are the prime factors of (1*-8082)/(-72 + 70)?
3, 449
Suppose -3*u = -0*u - 5*l - 819, -3*l - 825 = -3*u. What are the prime factors of u?
2, 139
Let z be -3 + -1 - (-462)/(-6). Let b = 89 + z. List the prime factors of b.
2
Let x(f) = f**3 - 9*f**2 - 7*f - 6. Suppose m = 5*a + 20, 0 = 5*m - 4*a - 63 + 5. List the prime factors of x(m).
2, 3
Let o(s) = -393*s - 63. What are the prime factors of o(-5)?
2, 3, 317
Let o = -2244 + 3757. List the prime factors of o.
17, 89
What are the prime factors of 7*(-21)/(-49) - -1705?
2, 7, 61
Let a = 337 - -86. What are the prime factors of a?
3, 47
Let m = 915 - 615. List the prime factors of m.
2, 3, 5
Suppose -88 - 56 = -8*u. List the prime factors of u.
2, 3
Suppose -10*x + 20592 = 6*x. List the prime factors of x.
3, 11, 13
Let c be (5 + (-3 - -3))*2. Let u be (12/c)/((-6)/(-45)). Suppose 4*s - u*s = -85. List the prime factors of s.
17
Let d(a) = a**2 + 5*a - 7. Suppose -2 = p - 5*y + y, -3*p - 3*y - 36 = 0. List the prime factors of d(p).
43
Let b(v) = 5 - 2 - 4 - 6*v. Let g be b(-1). Suppose g*s = 23 - 3, -4*s = -4*f + 20. List the prime factors of f.
3
Let q = 1976 + -1185. What are the prime factors of q?
7, 113
Suppose 0 = 41*u - 45*u + 3*y + 8961, -2*y = 2*u - 4470. What are the prime factors of u?
2, 3, 373
Let q be 1 + (-3)/((-9)/(-39)). Suppose z = 4*m - 34, -m = -0*m - 4. What are the prime factors of ((-135)/q)/(z/(-48))?
2, 3, 5
Let m = 16 + 1. Let s = m - 15. Suppose 0*d - 64 = -3*r - d, -2*r = -s*d - 48. List the prime factors of r.
2, 11
Let v(h) = -h**3 - 7*h**2 - 6*h - 4. Let u be v(-6). Let n be 0 + 9/((-12)/u). Suppose -n*i + 10 = 2*i. What are the prime factors of i?
2
Suppose -28*y = -26*y - 26. Let a(f) = 13 + 7*f - y. List the prime factors of a(7).
7
List the prime factors of (0 - 6/27) + (-7410)/(-54).
137
Suppose 1914 = -16*k + 58554. List the prime factors of k.
2, 3, 5, 59
Let l(c) be the second derivative of c**4/6 - 3*c**3/2 + 9*c**2/2 + 7*c. List the prime factors of l(8).
5, 13
Let a(y) = 18*y**2 + 14*y**2 + y + 12*y**2. Suppose 2*b = -3*b + 5. What are the prime factors of a(b)?
3, 5
Let r(j) = -2*j**3 + 44*j**2 + 50*j - 9. List the prime factors of r(21).
3, 641
Let b = 5239 + -3580. What are the prime factors of b?
3, 7, 79
Let g = 193 + -67. What are the prime factors of g?
2, 3, 7
Let q = -8 - -5. Let t = q + 3. Suppose 6*d - d - 40 = t. What are the prime factors of d?
2
Suppose 2*k + 268 = -2*d - 76, 3*k + 685 = -4*d. Let x = d - -312. What are the prime factors of x?
11, 13
Let a(r) = 10*r**2 - 5*r + 9. Let b = -25 - -28. What are the prime factors of a(b)?
2, 3, 7
Suppose m - f = -2*f - 12, 4*m + 2*f + 50 = 0. Let t = m - -39. What are the prime factors of t?
2, 13
Suppose -2*u + 3*u = 2087. What are the prime factors of u?
2087
What are the prime factors of ((-10318)/(-168) - (-1)/3)*52?
13, 19
Let u be (3 - 16/6)*12. Suppose 112 = 3*f - u*w, 5*f - w - 181 = -0*w. List the prime factors of f.
2, 3
Suppose 4*d = d + 9. Let f(v) = v. Let z be f(d). Suppose -107 = -z*p - 41. What are the prime factors of p?
2, 11
Suppose 0 = -4*i + i. Let l(u) = u**3 - 2*u**2 - 2*u - 2. Let z be l(3). List the prime factors of -6*(-3 + i)*z.
2, 3
Let x(y) = 2*y**2 - 77*y - 224. What are the prime factors of x(59)?
5, 439
What are the prime factors of (-160)/30*246/(-4)?
2, 41
Let h(j) = -29 - j**3 + 98 + 12*j - 21*j + 7*j. List the prime factors of h(0).
3, 23
Suppose 89*w - 127020 = 29*w. List the prime factors of w.
29, 73
Let n = 30 + -22. Suppose 3*u = -n - 1, 4*j - u - 195 = 0. List the prime factors of j.
2, 3
Let q = -133 - -138. Suppose -3*h + 0*w = -5*w + 4, -3*h + 2 = -2*w. Let j = h + q. What are the prime factors of j?
7
Suppose 93 = 2*j - 59. Let u = j + -23. What are the prime factors of u?
53
Suppose 5*d + 518 = 12*d. Suppose -3*o = -k + 2*o - 10, 0 = 3*k + 5*o - 30. Suppose 5*b - d = 4*u, u = -k*b + 2*b + 41. What are the prime factors of b?
2, 7
Let d = 4503 - 2797. List the prime factors of d.
2, 853
Suppose -4*i = -2*i - 4*p + 36, 2 = i + 2*p. What are the prime factors of 2*(-4 - 116/i)?
3, 7
Suppose 4*m - 5*q = -38 + 7, 4*m + 5*q + 41 = 0. What are the prime factors of (-736)/(-18) - m/81?
41
Suppose -2559 - 69 = -6*f. List the prime factors of f.
2, 3, 73
Suppose 0 = -i - h + 8, i + i = -3*h + 20. Suppose i*q = 7*q - 111. List the prime factors of q.
37
Suppose 3*k + 4*r = 261, r - 127 - 208 = -4*k. List the prime factors of k.
83
Suppose -j - 1 = -6. Suppose 5*m = -2*c + 94, 2*m - j*c = 4*m - 25. Let v = 10 + m. List the prime factors of v.
2, 3, 5
Suppose -166 = -x + 4*k, 4*x = 8*x - 2*k - 664. List the prime factors of x.
2, 83
Suppose -5*k = -0*k + 4*m - 18, 5*m + 15 = 0. List the prime factors of k.
2, 3
Let v(d) = -3*d**3 + 4*d**2 - 2*d + 4. Let l be v(-6). Suppose -l = -12*h + 4*h. What are the prime factors of h?
101
Let a(g) = 2*g - 3. Let s be a(7). Let l = 13 - s. Suppose -l = -k + 2. What are the prime factors of k?
2
Suppose 5*m - 4*m - 25 = 0. Let z = m + 15. Suppose 0*a + z = a. List the prime factors of a.
2, 5
Suppose 0 = 10*b - 5*b + 10. What are the prime factors of ((936/2)/(-2))/b?
3, 13
List the prime factors of (48/10)/((-3)/(-130)).
2, 13
Let n(p) = p**3 + 8*p**2 + 7*p + 5. Suppose -7*t + 3*t = 24. List the prime factors of n(t).
5, 7
Suppose 4*c = -5*s - c + 40, -4*s + 26 = c. Suppose s*v - 38 = -8. Suppose v*d = d + 140. List the prime factors of d.
5, 7
Let v = -1072 + 1966. What are the prime factors of v?
2, 3, 149
Let k = 267 + -253. List the prime factors of k.
2, 7
Suppose 4*o - 1679 = 961. What are the prime factors of o?
2, 3, 5, 11
Suppose 5*p + 315 = 2*z - z, 0 = 2*p + 8. Suppose -4*k + 9*k - z = 0. What are the prime factors of k?
59
Suppose 3*t - 2196 = -4*p, 4*t + 6*p - 2928 = 2*p. List the prime factors of t.
2, 3, 61
Let s = 1463 + -410. Suppose s = 5*z + 188. What are the prime factors of z?
173
Suppose 0 = 2*u - 4*u. Suppose 0 = 4*j + i - 285, 5*j = i - u*i + 363. What are the prime factors of j?
2, 3
Let g(h) = -h**2 - 15*h - 7. Let l be g(-14). Suppose 14 = l*q - 1134. What are the prime factors of q?
2, 41
Suppose -5*o = -0*q + 4*q - 303, -2*q = o - 63. Let x = 122 - o. What are the prime factors of x?
3, 7
Let t(r) = -3*r**3 - r + 2*r - 2 + 0 - 3*r**3. What are the prime factors of t(-2)?
2, 11
Suppose -11*c = -10*c. Suppose 0 = n - 5*r + 25, c = n - 2*r - 0*r + 10. List the prime factors of 0 - n - -10 - 3.
7
Suppose 5*t - 2*t = 21. List the prime factors of (-4)/(-14) + 516/t.
2, 37
What are the prime factors of 7 + (708 - (-3 + 5))?
23, 31
Let m(r) = -19*r - 45. Let l(x) = 58*x + 135. Let v(c) = -2*l(c) - 7*m(c). What are the prime factors of v(7)?
2, 41
Suppose -7*u = -0*u - 1071. Suppose -5*o + 63 = -4*m - 135, -5*m = -4*o + u. What are the prime factors of o?
2, 3, 7
Suppose 2*s + 5*z = -164, 2*z + 3*z = -5*s - 380. Let p be (0*2/4)/1 + 103. Let a = p + s. What are the prime factors of a?
31
Let t(